. Suppose -c = r - 210. What is the tens digit of c?
2
Let x(l) = 7*l**3 - 2*l**2 - l + 1. Let p be x(-1). Let o = 32 - 11. Let m = p + o. What is the units digit of m?
4
Suppose -w + 2*h = 4, -w - 4*h + 28 = 2*w. Suppose l + 3*n + 8 = 44, -2*n + 134 = w*l. What is the tens digit of 6/9*l/2?
1
Suppose -2672 = 5*n - 9897. What is the hundreds digit of n?
4
Let i = -86 + 68. Let y = 3 + -5. What is the tens digit of (-129)/y*(-12)/i?
4
Let j be -2*(-2 + 3) + 4. Suppose -3*p - 117 = 5*x, 5*x - 2*x + 70 = -j*p. What is the units digit of 1/((-9)/15)*x?
0
Suppose 2*z + 4*r = -14, -z - 4*z + 1 = r. What is the units digit of ((-26)/4)/((-4 + z)/6)?
3
Let m(s) = -1349*s**3 - 2*s**2 - s. What is the tens digit of m(-1)?
4
Let g = 69 - 65. Suppose 5*m = c - 176, -c + m = g*c - 880. What is the units digit of c?
6
Suppose 3*o = 917 + 244. Suppose 5*q = -2*s + 5*s + 645, 3*q = s + o. What is the units digit of q?
9
Suppose f - 8 = -a + 4*a, 2*a = -f + 23. Suppose -3 = -4*n + f. Suppose -4*m - z + 14 = -m, 30 = n*m + 5*z. What is the units digit of m?
4
Suppose 8 = -8*w + 12*w. Let k be 0 - (2 - 3 - w). Suppose -k*z + 4*z - 21 = 0. What is the units digit of z?
1
Suppose 3*b - 1992 = -r, b = -5*r + 2*r + 672. What is the tens digit of b?
6
Suppose -6*c + 334 = -2036. Suppose 3*p = 2*t - c, -2*t + p = -5*t + 609. What is the hundreds digit of t?
2
Suppose -15*w = -25*w + 7690. What is the units digit of w?
9
Suppose 9*b - 5*b + z - 872 = 0, -2*z + 8 = 0. Let j = b - 104. What is the hundreds digit of j?
1
Suppose 22*g - 19*g - 6229 = -k, -8302 = -4*g - 3*k. What is the units digit of g?
7
Suppose 2595 + 532 = r. What is the thousands digit of r?
3
Suppose 590 = -9*z - 580. Suppose 0 = -2*d + 3*m + 63, 0*d - 4*m = 4*d - 176. What is the units digit of (z/d)/(2/(-6))?
0
Suppose 0 = -4*b - j + 5 - 0, -5*b + 3*j + 19 = 0. Suppose -b*v - 138 = -4*v. What is the tens digit of v?
6
Suppose 0 = 6*i - 0 + 12. What is the tens digit of (-1293)/(-39) - i/(-13)?
3
Suppose 9*w - 11352 = -13*w. What is the hundreds digit of w?
5
Suppose s = -2*q + 1629, 5*s - 8140 = -26*q + 21*q. What is the tens digit of s?
2
Let r be 2*(5 + -2 - 4). Let b be 115 - (-3 + r + 2). Suppose -4*v + 3*m = -114, 6*v - 2*v = m + b. What is the tens digit of v?
3
Suppose 3*f - 25 = -0*f - 5*q, -10 = -4*f - 2*q. Suppose 2*a = -4*j - 26, 3*a = -f*j + j - 11. What is the units digit of 3/a + (-172)/(-20)?
8
Suppose 0 = -2*c + 2*f + 4, 8*f = c + 3*f - 18. What is the units digit of (c + 40/(-6))/(4/(-18))?
9
Let i be 10/25 - (-6)/(-15). Suppose -113 = -5*c + 3*v, i = -3*c + v + 53 + 18. Let y = 37 - c. What is the tens digit of y?
1
Suppose 127 = h - d, -54*d = -51*d - 9. What is the units digit of h?
0
Let o = 49 + -46. Suppose -81 = -2*j + f, o*j + 0*f - 3*f - 117 = 0. What is the tens digit of j?
4
Let x(w) = 109*w**2 + w + 2. What is the units digit of x(3)?
6
Suppose 6*t - 45 = t. Suppose q + 3 = -u - 4, 2*u + 3*q = -19. What is the units digit of (t/2)/((-1)/u)?
9
Suppose 6*t + 1 + 23 = 0. What is the tens digit of (-3)/t - (-450)/40?
1
Let h(o) = 14*o + 30. What is the tens digit of h(18)?
8
Suppose 0 = 61*u - 7999 - 37751. What is the hundreds digit of u?
7
Let w(l) = -l**2 + 1 + 85*l**3 + 59*l**3 + 0 - l - 22*l**3. Let i be w(1). Suppose 0 = 4*x + 5*g - i, x + x - 63 = -3*g. What is the tens digit of x?
2
Let p be ((-3)/(18/15))/((-1)/2). Suppose 5*y + 1215 = p*a, 5*y = 2*a - 7*a + 1255. What is the units digit of a?
7
Let h(z) = -684*z - 217. What is the units digit of h(-10)?
3
What is the hundreds digit of (60 - -2060) + 1 + -4?
1
Suppose 8 + 4 = -2*x. Let h(a) = -28*a - 27. What is the hundreds digit of h(x)?
1
Let t = 12 + -5. Let m(f) = f**2 - 10*f + 1. Let p be m(t). Let g = p - -36. What is the tens digit of g?
1
Let s be (-2)/3*72/(-16). Suppose -s*w = 18 - 0. Let v = w + 29. What is the units digit of v?
3
Suppose 8*d = 2*d + 1236. What is the units digit of d?
6
Suppose -15689 = -11*f - 4678. What is the thousands digit of f?
1
Let t(y) = y**3 + y + 105. What is the units digit of t(0)?
5
Suppose 0 = 15*h - 19698 - 12897. What is the thousands digit of h?
2
Suppose -9666 = -12*h - 15*h. What is the hundreds digit of h?
3
Let z(s) = 3*s - 8. Let q(a) = 4*a**2 - a + 1. Let t be q(1). Let b be 10 + -1 - t/(-4). What is the tens digit of z(b)?
2
Suppose 12*c = 32*c - 8420. What is the tens digit of c?
2
Let j(l) be the second derivative of l**3 + 6*l**2 - 15*l. What is the units digit of j(3)?
0
Let i(t) = 8*t**2 + 5*t. Suppose -3*w - 12 + 0 = 0. What is the hundreds digit of i(w)?
1
Suppose 3*z - 5*z + 5*c = -12, -2*z - 2*c - 2 = 0. Suppose -3 = -5*q - 18. What is the units digit of z/2*(-294)/q?
9
Let w = 846 - 150. What is the hundreds digit of w?
6
Let a = 35 - 22. Let x(s) = 25 + 13*s - 15 - s**2 - 7. What is the units digit of x(a)?
3
Let u(y) = -11*y**3 + y**2 - y - 1. Let r = -22 - -9. Let d = r - -12. What is the tens digit of u(d)?
1
Suppose 3*a - 147 - 36 = 0. Suppose 0 = -4*s + 23 + a. What is the tens digit of s?
2
Let k(t) = t**3 + 5*t**2 - 12*t + 4. Let x be k(5). Suppose 3*m - x = 166. What is the tens digit of m?
2
Suppose -5736 = -3*x + 4*p, 3*p + 3460 = 5*x - 6111. What is the tens digit of x?
1
Suppose 4*c + 2*z - 1077 = -c, z - 861 = -4*c. Let p = c - 90. What is the units digit of p?
5
Let g(v) = v**3 + 34*v**2 + 32*v + 25. What is the units digit of g(-33)?
8
Let w(r) = -r**3 - 19*r**2 + 12*r + 11. Suppose 5*p + 104 = -f, -2*f - 2*f - 16 = 0. What is the tens digit of w(p)?
7
Let v be -4 + 12/10*(-150)/(-20). Suppose 2*a - 10 + 0 = 0. Suppose 149 = v*q + 3*c - 20, q + a*c = 25. What is the tens digit of q?
3
Let n(k) be the third derivative of k**5/60 - 3*k**4/8 - k**3/3 + k**2. Let u = 473 + -461. What is the tens digit of n(u)?
3
Suppose -7*i + 92*i = 258060. What is the thousands digit of i?
3
Suppose -r - 10*l + 903 = -7*l, 2*l - 3562 = -4*r. What is the units digit of r?
8
Let l be 303/33 - (-8)/(-44). Let p(f) be the first derivative of -f**4/4 + 3*f**3 + f**2/2 + 10*f - 1. What is the tens digit of p(l)?
1
Suppose -2*z = 2*z - 24. Let i = -26 + 29. What is the units digit of 0 - (-2 - (z + i))?
1
What is the tens digit of 10*(-12)/(-30) + 598?
0
Suppose 3*c + 34 = 4*c. Suppose 8*y = 9*y + c. Let r = 37 + y. What is the units digit of r?
3
Let j be 2/(-4)*30/(-5). Suppose -3*m + 2*h + 26 = 0, 3*m - 22 = h + j*h. What is the tens digit of m?
1
Let r = -295 + 420. What is the hundreds digit of (-1 - -5)/(-1 + 3) + r?
1
Let s be 18/(-45) + 4/10. Suppose 3*f + 3*h = -0*f + 363, h + 5 = s. Let w = f - 73. What is the tens digit of w?
5
What is the units digit of ((-22)/(-66))/(2/1086)?
1
Let f = -10 - -14. Let m(n) = 2*n + 8. What is the tens digit of m(f)?
1
Let j be (-74)/(-14) + (-16)/56. Suppose 0 = -j*n - 403 + 63. What is the tens digit of 1 - (-4)/((-16)/n)?
1
Let a = 3957 + -2466. What is the units digit of a?
1
Let k(n) = n + 7. Let x be k(-5). Let l(g) = x - g - 4*g - 6 + 3. What is the tens digit of l(-5)?
2
Suppose -274 = -3*a - b, -4*a + 2*b - 98 = -5*a. What is the units digit of a?
0
Let a = 11 - 13. Let k be (2 - -6)/((-1)/a). Suppose -35 = 11*x - k*x. What is the units digit of x?
7
Suppose -2*p - 3*p + 5*l + 30 = 0, 2*p + 2*l - 4 = 0. Suppose -58 = -p*n + 10. What is the tens digit of n?
1
Let r be 15/(-1) - (26 - 2)/6. Suppose 2*k + 3*k = -130. Let d = r - k. What is the units digit of d?
7
Let i = -320 - -2472. What is the units digit of i?
2
Suppose -4*p + 4 = -24. Suppose -p*m = -3*m + 8. What is the units digit of m - -7*15/3?
3
Let k be 14/5 - ((-5)/(-1))/(-25). What is the units digit of (3/(-6))/((-497)/(-166) - k)?
3
Suppose 2*t - 24*b + 23*b = 744, -2*t + 744 = 4*b. What is the units digit of t?
2
Suppose -40*t + 59645 = -10875. What is the tens digit of t?
6
Suppose -3*k + 4*k - 2 = 0. Suppose -o + 6 - k = 0. What is the tens digit of ((-204)/(-18))/(o/6)?
1
Suppose 4*k - 20 = 0, -5*f + 8*k - 9*k = -2135. Suppose -5*b = 2*r - 207, 0*b - 2*b = -4*r + f. What is the hundreds digit of r?
1
Let s(g) = g**3 - 7*g**2 + 9*g - 1. Let x(b) = -4*b - 2. Let q be x(-2). What is the tens digit of s(q)?
1
Let v be (4 + 22/4)*2. Let x = 25 - v. Suppose 5*p - 96 + x = 0. What is the units digit of p?
8
Suppose 0 = 15*j - 12*j - 3. What is th